{"id":598,"date":"2023-04-04T23:56:47","date_gmt":"2023-04-04T23:56:47","guid":{"rendered":"https:\/\/dermigalestetic.com\/?page_id=598"},"modified":"2024-10-29T15:02:22","modified_gmt":"2024-10-29T15:02:22","slug":"nuestros-clientes","status":"publish","type":"page","link":"https:\/\/dermigalestetic.com\/index.php\/nuestros-clientes\/","title":{"rendered":"Nuestros Clientes"},"content":{"rendered":"<p>[et_pb_section fb_built=\u00bb1&#8243; _builder_version=\u00bb4.19.4&#8243; _module_preset=\u00bbdefault\u00bb global_colors_info=\u00bb{}\u00bb][et_pb_row _builder_version=\u00bb4.19.4&#8243; _module_preset=\u00bbdefault\u00bb animation_style=\u00bbslide\u00bb global_colors_info=\u00bb{}\u00bb][et_pb_column type=\u00bb4_4&#8243; _builder_version=\u00bb4.19.4&#8243; _module_preset=\u00bbdefault\u00bb global_colors_info=\u00bb{}\u00bb][et_pb_gallery gallery_ids=\u00bb600,601,602,603,604,605&#8243; fullwidth=\u00bbon\u00bb _builder_version=\u00bb4.19.4&#8243; _module_preset=\u00bbdefault\u00bb width=\u00bb100%\u00bb border_color_all_image=\u00bb#000000&#8243; global_colors_info=\u00bb{}\u00bb][\/et_pb_gallery][\/et_pb_column][\/et_pb_row][et_pb_row _builder_version=\u00bb4.19.4&#8243; _module_preset=\u00bbdefault\u00bb custom_padding=\u00bb5em||5em||true|false\u00bb global_colors_info=\u00bb{}\u00bb][et_pb_column type=\u00bb4_4&#8243; _builder_version=\u00bb4.19.4&#8243; _module_preset=\u00bbdefault\u00bb global_colors_info=\u00bb{}\u00bb][et_pb_text _builder_version=\u00bb4.19.4&#8243; _module_preset=\u00bbdefault\u00bb header_2_font=\u00bbBranch|600|||||||\u00bb header_2_text_align=\u00bbcenter\u00bb header_2_text_color=\u00bbgcid-aa283da3-ac4f-4243-9d7d-4010d5b6afe9&#8243; header_2_font_size=\u00bb2.5rem\u00bb global_colors_info=\u00bb{%22gcid-aa283da3-ac4f-4243-9d7d-4010d5b6afe9%22:%91%22header_2_text_color%22%93}\u00bb]<\/p>\n<h2>Testimonios<\/h2>\n<p>[\/et_pb_text][\/et_pb_column][\/et_pb_row][et_pb_row column_structure=\u00bb1_3,1_3,1_3&#8243; _builder_version=\u00bb4.19.4&#8243; _module_preset=\u00bbdefault\u00bb animation_style=\u00bbfade\u00bb global_colors_info=\u00bb{}\u00bb][et_pb_column type=\u00bb1_3&#8243; _builder_version=\u00bb4.19.4&#8243; _module_preset=\u00bbdefault\u00bb global_colors_info=\u00bb{}\u00bb][et_pb_testimonial author=\u00bbAndres Fonseca\u00bb quote_icon_color=\u00bb#FFFFFF\u00bb quote_icon_background_color=\u00bbgcid-aa283da3-ac4f-4243-9d7d-4010d5b6afe9&#8243; font_icon=\u00bb&#x7c;||divi||400&#8243; use_icon_font_size=\u00bbon\u00bb icon_font_size=\u00bb61px\u00bb _builder_version=\u00bb4.19.4&#8243; _module_preset=\u00bbdefault\u00bb body_font=\u00bbLato||||||||\u00bb body_text_color=\u00bbgcid-609bc36d-776e-4d7b-a58e-e4ee0bd70b2a\u00bb body_font_size=\u00bb16px\u00bb author_font=\u00bbBranch|700|||||||\u00bb author_text_color=\u00bbgcid-aa283da3-ac4f-4243-9d7d-4010d5b6afe9&#8243; author_font_size=\u00bb18px\u00bb global_colors_info=\u00bb{%22gcid-aa283da3-ac4f-4243-9d7d-4010d5b6afe9%22:%91%22quote_icon_background_color%22,%22author_text_color%22%93,%22gcid-609bc36d-776e-4d7b-a58e-e4ee0bd70b2a%22:%91%22body_text_color%22%93}\u00bb]<\/p>\n<p>Un muy buen servicio, realmente fui atendido de muy buena<br \/>manera. EI personal de Dermigal muy amable y me sent\u00ed muy<br \/>maravillado con todos sus procesos<\/p>\n<p>[\/et_pb_testimonial][\/et_pb_column][et_pb_column type=\u00bb1_3&#8243; _builder_version=\u00bb4.19.4&#8243; _module_preset=\u00bbdefault\u00bb global_colors_info=\u00bb{}\u00bb][et_pb_testimonial author=\u00bbLorena Sangucho\u00bb quote_icon_color=\u00bb#FFFFFF\u00bb quote_icon_background_color=\u00bbgcid-aa283da3-ac4f-4243-9d7d-4010d5b6afe9&#8243; font_icon=\u00bb&#x7c;||divi||400&#8243; use_icon_font_size=\u00bbon\u00bb icon_font_size=\u00bb61px\u00bb _builder_version=\u00bb4.19.4&#8243; _module_preset=\u00bbdefault\u00bb body_font=\u00bbLato||||||||\u00bb body_text_color=\u00bbgcid-609bc36d-776e-4d7b-a58e-e4ee0bd70b2a\u00bb body_font_size=\u00bb16px\u00bb author_font=\u00bbBranch|700|||||||\u00bb author_text_color=\u00bbgcid-aa283da3-ac4f-4243-9d7d-4010d5b6afe9&#8243; author_font_size=\u00bb18px\u00bb global_colors_info=\u00bb{%22gcid-aa283da3-ac4f-4243-9d7d-4010d5b6afe9%22:%91%22quote_icon_background_color%22,%22author_text_color%22%93,%22gcid-609bc36d-776e-4d7b-a58e-e4ee0bd70b2a%22:%91%22body_text_color%22%93}\u00bb]<\/p>\n<p>Muy buen servicio, dentro de la<br \/>parte administrativa los precios son<br \/>muy accesibles. EI personal es muy<br \/>profesional y su atenci\u00f3n es de<br \/>calidad, las instalaciones son<br \/>elegantes y limpias, dentro de cada<br \/>\u00e1rea existen m\u00e1quinas e<br \/>instrumental para cada tratamiento.<br \/>Recomiendo a dermigal a todo<br \/>p\u00fablico<\/p>\n<p>[\/et_pb_testimonial][\/et_pb_column][et_pb_column type=\u00bb1_3&#8243; _builder_version=\u00bb4.19.4&#8243; _module_preset=\u00bbdefault\u00bb global_colors_info=\u00bb{}\u00bb][et_pb_testimonial author=\u00bbIndira Cerna\u00bb quote_icon_color=\u00bb#FFFFFF\u00bb quote_icon_background_color=\u00bbgcid-aa283da3-ac4f-4243-9d7d-4010d5b6afe9&#8243; font_icon=\u00bb&#x7c;||divi||400&#8243; use_icon_font_size=\u00bbon\u00bb icon_font_size=\u00bb61px\u00bb _builder_version=\u00bb4.19.4&#8243; _module_preset=\u00bbdefault\u00bb body_font=\u00bbLato||||||||\u00bb body_text_color=\u00bbgcid-609bc36d-776e-4d7b-a58e-e4ee0bd70b2a\u00bb body_font_size=\u00bb16px\u00bb author_font=\u00bbBranch|700|||||||\u00bb author_text_color=\u00bbgcid-aa283da3-ac4f-4243-9d7d-4010d5b6afe9&#8243; author_font_size=\u00bb18px\u00bb global_colors_info=\u00bb{%22gcid-aa283da3-ac4f-4243-9d7d-4010d5b6afe9%22:%91%22quote_icon_background_color%22,%22author_text_color%22%93,%22gcid-609bc36d-776e-4d7b-a58e-e4ee0bd70b2a%22:%91%22body_text_color%22%93}\u00bb]<\/p>\n<p>Excelente servicio tiene buena calidad de productos y un servicio del personal excelente<\/p>\n<p>[\/et_pb_testimonial][\/et_pb_column][\/et_pb_row][et_pb_row column_structure=\u00bb1_3,1_3,1_3&#8243; _builder_version=\u00bb4.19.4&#8243; _module_preset=\u00bbdefault\u00bb animation_style=\u00bbfade\u00bb global_colors_info=\u00bb{}\u00bb][et_pb_column type=\u00bb1_3&#8243; _builder_version=\u00bb4.19.4&#8243; _module_preset=\u00bbdefault\u00bb global_colors_info=\u00bb{}\u00bb][et_pb_testimonial author=\u00bbDavid Toaquiza\u00bb quote_icon_color=\u00bb#FFFFFF\u00bb quote_icon_background_color=\u00bbgcid-aa283da3-ac4f-4243-9d7d-4010d5b6afe9&#8243; font_icon=\u00bb&#x7c;||divi||400&#8243; use_icon_font_size=\u00bbon\u00bb icon_font_size=\u00bb61px\u00bb _builder_version=\u00bb4.19.4&#8243; _module_preset=\u00bbdefault\u00bb body_font=\u00bbLato||||||||\u00bb body_text_color=\u00bbgcid-609bc36d-776e-4d7b-a58e-e4ee0bd70b2a\u00bb body_font_size=\u00bb16px\u00bb author_font=\u00bbBranch|700|||||||\u00bb author_text_color=\u00bbgcid-aa283da3-ac4f-4243-9d7d-4010d5b6afe9&#8243; author_font_size=\u00bb18px\u00bb global_colors_info=\u00bb{%22gcid-aa283da3-ac4f-4243-9d7d-4010d5b6afe9%22:%91%22quote_icon_background_color%22,%22author_text_color%22%93,%22gcid-609bc36d-776e-4d7b-a58e-e4ee0bd70b2a%22:%91%22body_text_color%22%93}\u00bb]<\/p>\n<p>Un lugar muy bonito y elegante me ayud\u00f3 con tratamiento de<br \/>plasma rico en plaquetas para el cuidado de mi piel.<br \/>Recomiendo 100%<\/p>\n<p>[\/et_pb_testimonial][\/et_pb_column][et_pb_column type=\u00bb1_3&#8243; _builder_version=\u00bb4.19.4&#8243; _module_preset=\u00bbdefault\u00bb global_colors_info=\u00bb{}\u00bb][et_pb_testimonial author=\u00bbAlexandra Cabrera\u00bb quote_icon_color=\u00bb#FFFFFF\u00bb quote_icon_background_color=\u00bbgcid-aa283da3-ac4f-4243-9d7d-4010d5b6afe9&#8243; font_icon=\u00bb&#x7c;||divi||400&#8243; use_icon_font_size=\u00bbon\u00bb icon_font_size=\u00bb61px\u00bb _builder_version=\u00bb4.19.4&#8243; _module_preset=\u00bbdefault\u00bb body_font=\u00bbLato||||||||\u00bb body_text_color=\u00bbgcid-609bc36d-776e-4d7b-a58e-e4ee0bd70b2a\u00bb body_font_size=\u00bb16px\u00bb author_font=\u00bbBranch|700|||||||\u00bb author_text_color=\u00bbgcid-aa283da3-ac4f-4243-9d7d-4010d5b6afe9&#8243; author_font_size=\u00bb18px\u00bb global_colors_info=\u00bb{%22gcid-aa283da3-ac4f-4243-9d7d-4010d5b6afe9%22:%91%22quote_icon_background_color%22,%22author_text_color%22%93,%22gcid-609bc36d-776e-4d7b-a58e-e4ee0bd70b2a%22:%91%22body_text_color%22%93}\u00bb]<\/p>\n<p>Excelente servicio, lo recomiendo<br \/>ampliamente, me ayud\u00f3 con un<br \/>tratamiento de acn\u00e9 muy bueno, la<br \/>limpieza facial profunda, deja la piel<br \/>radiante y joven. Visiten el lugar, no<br \/>se van a arrepentir.<\/p>\n<p>[\/et_pb_testimonial][\/et_pb_column][et_pb_column type=\u00bb1_3&#8243; _builder_version=\u00bb4.19.4&#8243; _module_preset=\u00bbdefault\u00bb global_colors_info=\u00bb{}\u00bb][et_pb_testimonial author=\u00bbJhossue Skuntar\u00bb quote_icon_color=\u00bb#FFFFFF\u00bb quote_icon_background_color=\u00bbgcid-aa283da3-ac4f-4243-9d7d-4010d5b6afe9&#8243; font_icon=\u00bb&#x7c;||divi||400&#8243; use_icon_font_size=\u00bbon\u00bb icon_font_size=\u00bb61px\u00bb _builder_version=\u00bb4.19.4&#8243; _module_preset=\u00bbdefault\u00bb body_font=\u00bbLato||||||||\u00bb body_text_color=\u00bbgcid-609bc36d-776e-4d7b-a58e-e4ee0bd70b2a\u00bb body_font_size=\u00bb16px\u00bb author_font=\u00bbBranch|700|||||||\u00bb author_text_color=\u00bbgcid-aa283da3-ac4f-4243-9d7d-4010d5b6afe9&#8243; author_font_size=\u00bb18px\u00bb global_colors_info=\u00bb{%22gcid-aa283da3-ac4f-4243-9d7d-4010d5b6afe9%22:%91%22quote_icon_background_color%22,%22author_text_color%22%93,%22gcid-609bc36d-776e-4d7b-a58e-e4ee0bd70b2a%22:%91%22body_text_color%22%93}\u00bb]<\/p>\n<p>Excelente servicio de eliminaci\u00f3n de tatuajes, cuentan con los equipos requeridos y un buen registro de sanidad, utilizan productos de alta gama, recomiendo al 100%<\/p>\n<p>[\/et_pb_testimonial][\/et_pb_column][\/et_pb_row][et_pb_row column_structure=\u00bb1_3,1_3,1_3&#8243; _builder_version=\u00bb4.19.4&#8243; _module_preset=\u00bbdefault\u00bb animation_style=\u00bbfade\u00bb global_colors_info=\u00bb{}\u00bb][et_pb_column type=\u00bb1_3&#8243; _builder_version=\u00bb4.19.4&#8243; _module_preset=\u00bbdefault\u00bb global_colors_info=\u00bb{}\u00bb][\/et_pb_column][et_pb_column type=\u00bb1_3&#8243; _builder_version=\u00bb4.19.4&#8243; _module_preset=\u00bbdefault\u00bb global_colors_info=\u00bb{}\u00bb][\/et_pb_column][et_pb_column type=\u00bb1_3&#8243; _builder_version=\u00bb4.19.4&#8243; _module_preset=\u00bbdefault\u00bb global_colors_info=\u00bb{}\u00bb][\/et_pb_column][\/et_pb_row][\/et_pb_section]<\/p>\n","protected":false},"excerpt":{"rendered":"<p>TestimoniosUn muy buen servicio, realmente fui atendido de muy buenamanera. EI personal de Dermigal muy amable y me sent\u00ed muymaravillado con todos sus procesosMuy buen servicio, dentro de laparte administrativa los precios sonmuy accesibles. EI personal es muyprofesional y su atenci\u00f3n es decalidad, las instalaciones sonelegantes y limpias, dentro de cada\u00e1rea existen m\u00e1quinas einstrumental para [&hellip;]<\/p>\n","protected":false},"author":1,"featured_media":0,"parent":0,"menu_order":0,"comment_status":"closed","ping_status":"closed","template":"","meta":{"_et_pb_use_builder":"on","_et_pb_old_content":"","_et_gb_content_width":"","_joinchat":[],"footnotes":""},"class_list":["post-598","page","type-page","status-publish","hentry"],"_links":{"self":[{"href":"https:\/\/dermigalestetic.com\/index.php\/wp-json\/wp\/v2\/pages\/598"}],"collection":[{"href":"https:\/\/dermigalestetic.com\/index.php\/wp-json\/wp\/v2\/pages"}],"about":[{"href":"https:\/\/dermigalestetic.com\/index.php\/wp-json\/wp\/v2\/types\/page"}],"author":[{"embeddable":true,"href":"https:\/\/dermigalestetic.com\/index.php\/wp-json\/wp\/v2\/users\/1"}],"replies":[{"embeddable":true,"href":"https:\/\/dermigalestetic.com\/index.php\/wp-json\/wp\/v2\/comments?post=598"}],"version-history":[{"count":8,"href":"https:\/\/dermigalestetic.com\/index.php\/wp-json\/wp\/v2\/pages\/598\/revisions"}],"predecessor-version":[{"id":708,"href":"https:\/\/dermigalestetic.com\/index.php\/wp-json\/wp\/v2\/pages\/598\/revisions\/708"}],"wp:attachment":[{"href":"https:\/\/dermigalestetic.com\/index.php\/wp-json\/wp\/v2\/media?parent=598"}],"curies":[{"name":"wp","href":"https:\/\/api.w.org\/{rel}","templated":true}]}}